True
Is 10575473 a composite number?
False
Is 8798722 a prime number?
False
Is 46101749 composite?
False
Is 88104629 composite?
True
Is 2569572773 prime?
True
Is 77198651 composite?
False
Is 23736637 a composite number?
False
Is 945869 a prime number?
False
Is 3861386 a composite number?
True
Is 2910571 composite?
True
Is 222538487 a composite number?
False
Is 9308149 composite?
True
Is 2637946 a composite number?
True
Is 7483103 prime?
False
Is 512937899 a prime number?
False
Is 96859519 composite?
False
Is 47345231 prime?
True
Is 29825969 a composite number?
False
Is 6960691 a prime number?
False
Is 288182183 a composite number?
False
Is 14453143 prime?
True
Is 5083333 prime?
False
Is 209843 composite?
True
Is 12624737 prime?
True
Is 39385399 a prime number?
False
Is 75338269 a composite number?
False
Is 21575617 composite?
True
Is 4049767 a composite number?
True
Is 45655297 a prime number?
True
Is 582267037 a composite number?
True
Is 8856389 composite?
True
Is 1830791 prime?
False
Is 2979385 a composite number?
True
Is 2611253 composite?
True
Is 5138373 a composite number?
True
Is 16945391 prime?
False
Is 89563583 a prime number?
True
Is 33743467 a prime number?
False
Is 12525173 prime?
True
Is 4162937 prime?
True
Is 19738903 composite?
False
Is 23361483 composite?
True
Is 2683187 a prime number?
False
Is 3875239 composite?
False
Is 55558047 composite?
True
Is 1417159 prime?
True
Is 1393081 a composite number?
True
Is 33073841 composite?
True
Is 5187233 a composite number?
False
Is 5618733 a composite number?
True
Is 6895731 a prime number?
False
Is 118056607 prime?
True
Is 967167521 composite?
False
Is 2791799423 prime?
False
Is 3756139 a prime number?
True
Is 10057543 a composite number?
False
Is 275507867 composite?
True
Is 718493 composite?
False
Is 70524695 a prime number?
False
Is 24340103 a prime number?
False
Is 336447515 composite?
True
Is 37527107 prime?
False
Is 32194067 a prime number?
True
Is 36881141 a composite number?
True
Is 225396989 a prime number?
False
Is 137693 prime?
False
Is 1754429 composite?
True
Is 79140319 a prime number?
True
Is 521572379 prime?
True
Is 263370589 composite?
False
Is 224417983 a composite number?
True
Is 2050361 a prime number?
True
Is 36525233 a composite number?
False
Is 2071411 a prime number?
True
Is 2916629 prime?
True
Is 12652751 prime?
True
Is 507231773 a composite number?
False
Is 1009517 a prime number?
False
Is 85588691 composite?
True
Is 499619 a prime number?
False
Is 365763331 prime?
False
Is 3930709 a prime number?
True
Is 54029581 a composite number?
True
Is 133068451 a composite number?
False
Is 23556901 a prime number?
False
Is 21716047 composite?
False
Is 9522481 composite?
False
Is 187056647 a composite number?
False
Is 286295491 a prime number?
True
Is 2586107 a prime number?
False
Is 12168605 a prime number?
False
Is 2306519 composite?
False
Is 80422777 a prime number?
True
Is 294774313 prime?
True
Is 5284517 a composite number?
True
Is 2053363 a composite number?
True
Is 1283549 prime?
True
Is 17659723 composite?
True
Is 926747 prime?
True
Is 17760973 composite?
True
Is 27409777 a prime number?
True
Is 17728517 a prime number?
True
Is 2306029 a prime number?
False
Is 31695947 a composite number?
False
Is 4594439 a composite number?
False
Is 8051233 prime?
False
Is 264207 a composite number?
True
Is 6318349 a prime number?
True
Is 26882743 a composite number?
False
Is 9232429 prime?
True
Is 3643403 a prime number?
True
Is 55050209 prime?
True
Is 81153307 a prime number?
False
Is 159568883 prime?
False
Is 216840709 a prime number?
False
Is 108287527 prime?
False
Is 14566721 prime?
False
Is 15235117 prime?
True
Is 426185 a prime number?
False
Is 10017785 composite?
True
Is 159857143 a prime number?
False
Is 90922187 a prime number?
True
Is 509339 a composite number?
True
Is 32913431 composite?
False
Is 13530469 a composite number?
False
Is 2908651 prime?
True
Is 69662827 composite?
True
Is 6411233 a composite number?
True
Is 71841205 prime?
False
Is 10579711 a composite number?
True
Is 10570919 a composite number?
True
Is 1245311 a prime number?
False
Is 18246758 a composite number?
True
Is 8481723 prime?
False
Is 3431629 composite?
False
Is 54424562 prime?
False
Is 163929737 a composite number?
False
Is 30392897 prime?
True
Is 86458087 a composite number?
False
Is 47844371 a prime number?
True
Is 237973319 composite?
True
Is 3033161 composite?
False
Is 15300737 composite?
False
Is 45344473 composite?
False
Is 14041561 a prime number?
False
Is 3952451 composite?
True
Is 39262577 a prime number?
True
Is 3219553 a prime number?
True
Is 129558059 composite?
False
Is 437868749 prime?
False
Is 11916037 a prime number?
False
Is 915364393 composite?
False
Is 153565969 a composite number?
False
Is 1534262 prime?
False
Is 448528189 prime?
True
Is 169195199 prime?
False
Is 613363227 a prime number?
False
Is 7500113 a composite number?
False
Is 103181207 a composite number?
False
Is 6840719 a composite number?
True
Is 552657787 composite?
True
Is 1329631 prime?
True
Is 213001099 prime?
False
Is 4378817 composite?
False
Is 139832257 composite?
False
Is 103462585 prime?
False
Is 118329415 a composite number?
True
Is 3329003 a composite number?
False
Is 73503803 prime?
True
Is 26030971 prime?
True
Is 21570145 a composite number?
True
Is 5744341 a prime number?
False
Is 64646789 a prime number?
True
Is 25368751 a composite number?
True
Is 78000253 a prime number?
False
Is 34030739 prime?
True
Is 3546443 a prime number?
False
Is 82672351 a prime number?
True
Is 9850193 composite?
False
Is 715613 a composite number?
False
Is 7913159 a prime number?
True
Is 26929102 prime?
False
Is 81446357 a composite number?
False
Is 609421 a composite number?
False
Is 160242853 a composite number?
False
Is 3676319 composite?
True
Is 42394613 a prime number?
False
Is 4318399 a composite number?
False
Is 3570169 composite?
False
Is 1412107 a prime number?
True
Is 1175879 a composite number?
True
Is 295746403 prime?
True
Is 169616158 a prime number?
False
Is 6774587 composite?
False
Is 1760467 composite?
False
Is 2116165 prime?
False
Is 2495846 a prime number?
False
Is 70887567 a prime number?
False
Is 11566034 composite?
True
Is 479392985 composite?
True
Is 812274217 composite?
True
Is 11849741 prime?
True
Is 19616053 a composite number?
True
Is 8785027 prime?
True
Is 261519701 prime?
True
Is 34954831 a prime number?
False
Is 1510039 composite?
False
Is 4947727 a prime number?
True
Is 972787 prime?
True
Is 463022467 a composite number?
False
Is 28945403 a prime number?
True
Is 11165717 a composite number?
True
Is 940187 a prime number?
False
Is 108079157 prime?
False
Is 29064005 prime?
False
Is 2346137 a prime number?
True
Is 146190773 prime?
False
Is 84253247 prime?
False
Is 36693931 composite?
False
Is 1803871 composite?
True
Is 60181937 prime?
True
Is 29843987 prime?
False
Is 14027774 composite?
True
Is 3453529 a prime number?
False
Is 53243189 composite?
False
Is 65730997 a composite number?
True
Is 1037241997 prime?
False
Is 96013643 prime?
False
Is 7004471 a prime number?
True
Is 12120179 a composite number?
False
Is 2762647 a composite number?
False
Is 6350947 a prime number?
False
Is 9106057 composite?
True
Is 1405531207 a composite number?
False
Is 1552493 a composite number?
True
Is 19897069 prime?
False
Is 29650237 composite?
True
Is 575591 composite?
False
Is 946463 a prime number?
False
Is 602059 a composite number?
True
Is 34139965 composite?
True
Is 3342446 a prime number?
False
Is 537373 a prime number?
True
Is 948302 a composite number?
True
Is 72505933 composite?
True
Is 1394863 composite?
True
Is 156583803 composite?
True
Is 5982257 prime?
True
Is 254228917 prime?
False
Is 137507 a composite number?
False
Is 43423019 a composite number?
False
Is 4500745 composite?
True
Is 44787235 a composite number?
True
Is 7046161 a prime number?
True
Is 13446161 prime?
True
Is 13388433 a composite number?
True
Is 1856377 prime?
False
Is 24104501 composite?
True
Is 2416067 prime?
True
Is 17497927 prime?
False
Is 1046497 a prime number?
True
Is 109234733 a prime number?
False
Is 177261671 a prime number?
True
Is 1139953667 composite?
True
Is 3155987 a composite number?
False
Is 11887429 composite?
Fal